s 17636099 prime?
False
Is 19711309 composite?
False
Is 5385533 composite?
True
Is 169137143 a prime number?
False
Is 7069369 a composite number?
False
Is 118738279 a composite number?
True
Is 11636623 composite?
False
Is 1581673 composite?
False
Is 577583 prime?
False
Is 3725387 a composite number?
True
Is 365253731 a prime number?
False
Is 49610513 a prime number?
True
Is 79819253 a composite number?
False
Is 163345213 a prime number?
False
Is 21994897 composite?
False
Is 9920251 composite?
True
Is 5793083 composite?
True
Is 498143 a composite number?
False
Is 13463347 a prime number?
False
Is 1883459 prime?
True
Is 26063813 composite?
False
Is 891754079 composite?
True
Is 2338991 prime?
False
Is 2423339 a composite number?
False
Is 91882949 a prime number?
True
Is 604491931 a prime number?
True
Is 15128669 a composite number?
False
Is 109177337 a prime number?
True
Is 75869 prime?
True
Is 1539847 a composite number?
False
Is 42612289 prime?
True
Is 3576509 a prime number?
True
Is 318624391 a prime number?
False
Is 249794137 a composite number?
False
Is 76612618 a prime number?
False
Is 181843223 a composite number?
False
Is 62527667 prime?
True
Is 7787081 a prime number?
True
Is 6073259 composite?
False
Is 438103 composite?
True
Is 23889727 composite?
True
Is 2091373 a prime number?
False
Is 216103813 composite?
True
Is 761723 a prime number?
False
Is 121135427 a prime number?
False
Is 6484553 composite?
False
Is 2331167 a prime number?
False
Is 19206349 composite?
True
Is 57185741 a composite number?
False
Is 24515213 composite?
True
Is 147145 a composite number?
True
Is 46080979 a composite number?
True
Is 262827401 composite?
False
Is 238889246 prime?
False
Is 76811609 composite?
True
Is 132837 composite?
True
Is 9320789 a prime number?
False
Is 170552557 a prime number?
False
Is 22629777 prime?
False
Is 46316217 a composite number?
True
Is 248243 composite?
False
Is 37027187 composite?
False
Is 21056027 a composite number?
False
Is 288762469 composite?
False
Is 6823351 a prime number?
True
Is 20721557 a composite number?
True
Is 1010999 a composite number?
True
Is 63863173 composite?
True
Is 149689 a composite number?
False
Is 2880233 prime?
False
Is 223823 prime?
True
Is 3816005 a prime number?
False
Is 65789 a composite number?
False
Is 14082389 prime?
False
Is 144713 a prime number?
False
Is 915913 composite?
True
Is 30269 a composite number?
False
Is 532427837 prime?
False
Is 913061 a prime number?
False
Is 33122497 a composite number?
False
Is 1016567 composite?
False
Is 103175959 a prime number?
False
Is 7037666 a composite number?
True
Is 4621623 composite?
True
Is 61957327 a prime number?
False
Is 826037 a composite number?
False
Is 123661 a prime number?
True
Is 151762627 composite?
False
Is 766147 composite?
True
Is 338407 a prime number?
True
Is 287360083 a prime number?
False
Is 762249 prime?
False
Is 864613 composite?
False
Is 77131339 prime?
False
Is 629843 a prime number?
True
Is 4579111 composite?
False
Is 6460349 a composite number?
True
Is 409349147 prime?
False
Is 68512591 a prime number?
False
Is 1627601 a composite number?
False
Is 273938603 a prime number?
False
Is 25134743 a prime number?
True
Is 225124721 composite?
False
Is 148235201 a composite number?
False
Is 3236837 a prime number?
False
Is 3507527 prime?
True
Is 3809831 a prime number?
True
Is 11876543 a composite number?
True
Is 610409 a prime number?
True
Is 1789427 a composite number?
False
Is 271092181 prime?
False
Is 104602151 prime?
True
Is 13526701 a prime number?
True
Is 2991853 composite?
False
Is 16272779 composite?
True
Is 1433101 composite?
False
Is 7875137 composite?
False
Is 32827283 composite?
False
Is 37473733 composite?
True
Is 129829829 a composite number?
True
Is 55920419 composite?
False
Is 1694947 a prime number?
False
Is 48789179 composite?
False
Is 85670542 a prime number?
False
Is 19758685 a prime number?
False
Is 17010667 a prime number?
True
Is 294311779 composite?
False
Is 84828229 prime?
False
Is 22257463 prime?
True
Is 286059229 a prime number?
True
Is 38018693 a prime number?
True
Is 2529143 a composite number?
False
Is 116720749 a prime number?
False
Is 136530091 prime?
False
Is 30663229 a prime number?
True
Is 64197383 composite?
True
Is 10391597 composite?
False
Is 4266377 composite?
False
Is 807281 prime?
True
Is 172783993 composite?
False
Is 1751641 a prime number?
False
Is 1747271 composite?
False
Is 13391111 prime?
False
Is 5644669 composite?
True
Is 3404651 a prime number?
True
Is 60039923 a prime number?
False
Is 312093559 a composite number?
False
Is 4417253 prime?
False
Is 909919 composite?
True
Is 11327 a composite number?
True
Is 4106327 a prime number?
True
Is 104691427 a composite number?
True
Is 1194407 a prime number?
True
Is 492637357 a composite number?
False
Is 1398302 a composite number?
True
Is 203962061 composite?
False
Is 29796467 a prime number?
True
Is 1674763 a composite number?
False
Is 1360349 prime?
True
Is 3983493 a prime number?
False
Is 32771477 composite?
False
Is 531793 composite?
False
Is 10171181 a prime number?
True
Is 113562929 prime?
True
Is 114029691 a composite number?
True
Is 80403 prime?
False
Is 795655085 composite?
True
Is 42469331 prime?
True
Is 162553 prime?
True
Is 4661291 a composite number?
False
Is 3986641 composite?
False
Is 13309687 prime?
False
Is 772229 prime?
True
Is 3648143 prime?
False
Is 98419141 composite?
True
Is 178661 composite?
True
Is 11202523 a prime number?
True
Is 120140821 a composite number?
False
Is 16184687 a composite number?
True
Is 175906651 composite?
False
Is 10056509 a composite number?
False
Is 1141078 composite?
True
Is 271207 composite?
True
Is 107829611 a prime number?
True
Is 1208873 a prime number?
True
Is 32685557 a composite number?
True
Is 14259955 a prime number?
False
Is 131773 a composite number?
True
Is 3138491 composite?
False
Is 1886137 a composite number?
True
Is 21261767 a composite number?
False
Is 260714237 prime?
False
Is 1365977 prime?
True
Is 63864247 prime?
False
Is 88545917 composite?
False
Is 400817 a prime number?
False
Is 3255491 composite?
False
Is 123996902 a prime number?
False
Is 535011223 a prime number?
True
Is 7559921 prime?
False
Is 55316347 prime?
False
Is 18515947 a composite number?
True
Is 4731821 composite?
False
Is 16759751 prime?
True
Is 26516213 composite?
True
Is 7413869 a prime number?
True
Is 48366349 prime?
False
Is 12821573 a composite number?
True
Is 2485202 a composite number?
True
Is 49965673 a composite number?
True
Is 214499041 a prime number?
True
Is 5252363 a prime number?
True
Is 10808323 a prime number?
True
Is 11255187 a composite number?
True
Is 564778 a prime number?
False
Is 31998887 prime?
False
Is 3234158 a composite number?
True
Is 80734505 prime?
False
Is 6057887 a composite number?
True
Is 2921395 prime?
False
Is 3751973 prime?
False
Is 4298131 composite?
False
Is 2811379 a composite number?
False
Is 285394 a composite number?
True
Is 35579303 a prime number?
True
Is 2998717 composite?
True
Is 6485419 a composite number?
False
Is 20950169 a composite number?
False
Is 41121943 prime?
False
Is 203884771 prime?
True
Is 806257201 composite?
True
Is 2803841 a composite number?
True
Is 6457679 a composite number?
True
Is 8697677 composite?
False
Is 14821811 composite?
False
Is 116358197 a prime number?
False
Is 27084437 a composite number?
True
Is 3951481 prime?
True
Is 46217319 composite?
True
Is 8397679 a prime number?
False
Is 9377153 composite?
True
Is 1267391 a prime number?
False
Is 744050479 a composite number?
False
Is 9311933 a composite number?
False
Is 253329878 a composite number?
True
Is 316699 composite?
False
Is 32906921 prime?
True
Is 99399967 prime?
True
Is 445363 a prime number?
True
Is 2852401 a prime number?
True
Is 15664843 prime?
False
Is 526877179 a prime number?
True
Is 240393611 prime?
True
Is 70079 prime?
True
Is 29113151 a prime number?
False
Is 1972913 a composite number?
False
Is 1396697 composite?
False
Is 887459 prime?
True
Is 609977737 composite?
False
Is 55092307 a composite number?
False
Is 536027 prime?
False
Is 726466535 prime?
False
Is 11917417 prime?
True
Is 1631803 a prime number?
False
Is 7699183 prime?
False
Is 3574609 composite?
False
Is 1734748